 3*s + 3*t, s - 2*t - 5 = 0. Let b = 19 - s. What are the prime factors of b?
2, 3
What are the prime factors of (-6)/(-8) + (-4308)/(-16)?
2, 3, 5
Let m(q) be the second derivative of -q**5/20 + 11*q**4/12 - 7*q**3/6 + 2*q**2 + 3*q. List the prime factors of m(10).
2, 17
Let v(j) = 8*j**2 - j - 2. List the prime factors of v(-2).
2
List the prime factors of 4/(-20) + (-526)/(-5).
3, 5, 7
Suppose -h + 339 = 2*h. List the prime factors of h.
113
Let p(m) = 27*m + 57. What are the prime factors of p(5)?
2, 3
Let t(j) = j**2 + 8*j + 11. Let f be t(-9). Suppose 0 = -5*y + y + f. Let v = y - 3. List the prime factors of v.
2
Suppose 0 = -n + 2*b + 258, -643 + 118 = -2*n - 5*b. List the prime factors of n.
2, 5, 13
Suppose 5*w = 5*x + 1815, -1 = -x + 1. What are the prime factors of w?
5, 73
Suppose -o = 4*o + 350. List the prime factors of (-924)/o*(-10)/(-3).
2, 11
What are the prime factors of (-44 + (1 - 3))*(-10 + 8)?
2, 23
What are the prime factors of 0 - (-16 - (3 + -1))?
2, 3
Suppose 2*d = 0, 230 = 5*o - 25*d + 29*d. List the prime factors of o.
2, 23
Let z = 97 - -23. List the prime factors of z.
2, 3, 5
Suppose -5 - 11 = -4*r. Suppose 5*o + 3*i - 10 + 49 = 0, -2*o = -r*i. List the prime factors of (3 - 15)/(o/4).
2
Let d(a) = -a**3 - 1. Let z be d(-1). Suppose z*g = 4*r + 3*g - 79, 0 = -2*g + 2. What are the prime factors of r?
19
Let v be ((-2)/3)/(2/(-9)). Suppose -52 = -4*i - 4*c, 5*i - v*i + 5*c - 26 = 0. Suppose 3*t - 14 = i. What are the prime factors of t?
3
Let t = -3 - -19. List the prime factors of t.
2
Suppose v = 5*v. Suppose -5*y = -v*y - 10. What are the prime factors of y?
2
Let l(i) = -i**3 - 12*i**2 - i + 18. List the prime factors of l(-13).
2, 5
Suppose -5*t + 363 = -62. What are the prime factors of t?
5, 17
Let k(r) = -2*r**2 + 2*r - 1. Let w be k(3). Let f = -9 - w. What are the prime factors of f?
2
List the prime factors of 38/3 + 22/(-33).
2, 3
What are the prime factors of 177 - (-1 - 3) - -5?
2, 3, 31
Let j(c) = -39*c**3 + c**2. What are the prime factors of j(-1)?
2, 5
Let y(g) = 4*g - 13. List the prime factors of y(9).
23
What are the prime factors of (2725/50)/((-1)/2 + 1)?
109
Suppose 0 = 4*b - 4, 2*y - b = -0*b + 323. What are the prime factors of y?
2, 3
Let v(l) = 2*l**2 + 3*l + 2. Let a(b) = b - 2. Let d be a(3). Let q be (d + 1 + -3)*3. List the prime factors of v(q).
11
Let y(i) = 5*i - 1. Let k be y(3). Suppose -2*f = -4*f + k. Suppose f + 6 = q. List the prime factors of q.
13
Let s(m) = -4*m + 3. Let d be s(3). Let j be ((-58)/(-10))/((-2)/(-10)). Let b = d + j. List the prime factors of b.
2, 5
Let r = 390 - 260. What are the prime factors of r?
2, 5, 13
Let u = 3 - 7. Let r be (1 + 7)/(u/(-2)). Suppose 4*o - 22 = p, p = o + r*o - 28. What are the prime factors of o?
2, 3
Let r = -18 + 48. What are the prime factors of r?
2, 3, 5
Suppose -4*c = -7*c + 4*f + 200, -3*c = 3*f - 186. List the prime factors of c.
2
Let o(c) = 2*c + 22. Let b be o(-10). Suppose -2*l = -b*v + 110, 2*v + 36 = -2*l + 150. List the prime factors of v.
2, 7
Suppose -f - f = -5*y + 27, 0 = 4*y - 2*f - 22. Suppose -5*p + 3*n - 8*n + 10 = 0, -y*p + 2*n + 10 = 0. List the prime factors of p.
2
Let f(d) = 326*d**3 - d**2 + 2*d - 2. Let z be f(1). What are the prime factors of z/15 - (-8)/6?
23
Let r be (-5)/(-10) - 19/(-2). Suppose -4 = -2*g - f, f - r = -g - 4*g. Suppose g = 2*z - 2. List the prime factors of z.
2
Suppose 4*w - 76 = -0*w. Let c = -8 - 2. Let r = c + w. List the prime factors of r.
3
Suppose -468 = 35*c - 39*c. List the prime factors of c.
3, 13
Suppose 91 + 56 = 3*d. What are the prime factors of d?
7
Suppose 0*f - 5*f + 80 = 0. List the prime factors of f.
2
Suppose -4*r - 1 = -89. List the prime factors of r.
2, 11
Let q(l) be the second derivative of l**3/6 - l**2 + l. Let t be q(7). Suppose -30 = -t*a + 2*s, -4*s = -s. List the prime factors of a.
2, 3
Let v = 87 + -236. Let d = -105 - v. List the prime factors of d.
2, 11
Suppose 4*c - 187 = -5*f - 62, 0 = -2*f + 3*c + 73. What are the prime factors of f?
29
Let q = -4 - -8. Suppose 3*v + 0 = 2*a - 4, -2*a + q = 2*v. Suppose 0 = -7*j + a*j + 10. What are the prime factors of j?
2
Let c(r) = r**3 - 5*r**2 - 6*r + 8. Let a = -47 - -71. Suppose -3*l - a = -5*n, 3*l + 10 = -4*n + 40. What are the prime factors of c(n)?
2
Let m(z) = -z + 1. What are the prime factors of m(-8)?
3
Let p(b) = -b**3 + 3*b**2 - b + 2. Let x be p(3). List the prime factors of (2 - (-1 - x))*1.
2
Let k = 587 + -336. List the prime factors of k.
251
Let c = 23 - -21. List the prime factors of c.
2, 11
Suppose -3*x = 6, o + 2*x - 4*x = 4. Suppose k - 2*z + z - 20 = o, z = -3*k + 60. List the prime factors of k.
2, 5
Suppose -3*o = -3*y - 21, 4*y = -y. What are the prime factors of o?
7
Let k = -81 - -101. What are the prime factors of k?
2, 5
Let g(c) = -c**3 - 6*c**2 + 5*c - 10. Let i be g(-7). Suppose v + 9 = i*h, -3*v + 1 = 4*h - 4. List the prime factors of h.
2
Let z(t) = -3*t + 3. Let f be z(7). Let n be 2/7 + 132/(-21). Let j = n - f. What are the prime factors of j?
2, 3
Let i(f) = f + 1. Let t be i(-4). Let m be (-124)/(-6) + 2/t. Let l = -10 + m. List the prime factors of l.
2, 5
Let t(k) = 5*k + 3. Let z be t(-5). Let x = -10 - z. List the prime factors of x.
2, 3
Suppose 4*f = 28 - 4. List the prime factors of f.
2, 3
Suppose -5*h - g = -26 - 73, 0 = 2*h - 5*g - 45. Suppose 2*m = 7*m - h. What are the prime factors of m?
2
Let r be -34*(4/(-8))/1. Suppose -4*i - l + r - 6 = 0, -i - l = -5. What are the prime factors of i?
2
Let b = 14 - 16. List the prime factors of 23/((b/(-1))/2).
23
Let k(c) = 2*c - 4. Let j be k(6). Suppose 0*p - j = p. What are the prime factors of (1 - 10/p)*4?
3
Let z = 16 + -10. Suppose -5*b + z + 4 = 0. List the prime factors of b.
2
Suppose -53 = -g + h + 3*h, 5*g - 208 = h. Let o = -10 + g. What are the prime factors of o?
31
Let o(b) = b**2 - 12*b - 13. Let v be o(13). Suppose -3*s + v*s = -6. List the prime factors of s.
2
Suppose -5 = 2*y - 11. Suppose -4*o = y*v - 40, v = -5*o + 2*v + 31. List the prime factors of o.
7
What are the prime factors of (30*3/27)/(2/15)?
5
Suppose 2*t - 3*n - 779 = 0, 7*n - 2*n + 785 = 2*t. List the prime factors of t.
5, 7, 11
Let l(y) = y**3 + y**2 + y + 20. Let n be l(0). Let v = 29 - n. Let x = -5 + v. List the prime factors of x.
2
What are the prime factors of 12/((-12)/3) - 24/(-2)?
3
Let x(r) = 2*r**2 + 12*r - 11. Let y(p) = -3*p**2 - 24*p + 22. Let l(c) = -5*x(c) - 3*y(c). What are the prime factors of l(10)?
3
Let w be ((-20)/(-15))/((-1)/(-6)). Let l = w - 6. Suppose u = n + 14, -11 = 3*u - l*u + 4*n. List the prime factors of u.
3
Let m(j) = -j + 16. Let x be m(11). Suppose 0 = -2*p + x*q + 56, 5*p - 3*q - 182 = -42. List the prime factors of p.
2, 7
Let h = 14 - 5. Let r(z) = z**2 - 6*z - 9. List the prime factors of r(h).
2, 3
Suppose 11 = 4*w - 9. Suppose -3*b + 5*t = -10 - 17, 0 = b - 3*t - w. What are the prime factors of b?
2, 7
Suppose 4*x + 15 = 5*x + 4*t, -3*x + 19 = -t. What are the prime factors of x?
7
Suppose -w - 1017 = -a - 3*a, a = w + 255. What are the prime factors of a?
2, 127
Let o = 6 - 6. Suppose -2*i - 2*i + 40 = o. List the prime factors of i.
2, 5
Let q be 30/(-1)*(-42)/12. Suppose -2*u = 3*u - q. List the prime factors of u.
3, 7
Let l = 32 - -71. What are the prime factors of l?
103
Let f = -22 - 84. Let u = -75 - f. What are the prime factors of u?
31
Let p(m) = -23*m + 30. List the prime factors of p(-10).
2, 5, 13
Let l(f) = -11*f**2 - 2*f + 15. Let o(h) = -4*h**2 - h + 5. Let s(c) = -3*l(c) + 8*o(c). Let j be s(4). Suppose 3*n - 9 = j. List the prime factors of n.
2
Suppose j = -p - 2 + 1, 0 = -3*j + 3*p - 3. Let m be (2/j)/((-4)/6). Suppose 5*n + 0*t = -t + 89, 5*t = m*n - 59. What are the prime factors of n?
2, 3
Suppose -2*l + 3*l + 4*j = 8, j - 2 = 0. Let y = 16 - l. List the prime factors of y.
2
Suppose 2*t - 73 - 105 = 0. What are the prime factors of t?
89
Let q be 36/10 + (-2)/(-5). Suppose q*g + g = 30. Suppose -2*a = -g*a + 44. List the prime factors of a.
11
Let v be 6/9*(-2 - 1). Let w be (0 + 0)/(-4 - v). Suppose -5*h = -w*h - 15. What are the prime factors of h?
3
Let z(q) = q**2 - 12*q + 11. Suppose 4*g = 6 + 30. Let j be z(g). Let i = 28 + j. List the 